ommon factor of 72 and 822.
6
Calculate the greatest common divisor of 112 and 8792.
56
What is the highest common divisor of 10 and 1010?
10
Calculate the greatest common factor of 24 and 264.
24
Calculate the greatest common factor of 652 and 1467.
163
What is the highest common divisor of 26 and 819?
13
Calculate the highest common divisor of 23 and 6279.
23
Calculate the highest common divisor of 49 and 11221.
49
What is the highest common factor of 231 and 3157?
77
Calculate the greatest common factor of 8632 and 208.
104
Calculate the highest common factor of 944 and 59.
59
Calculate the greatest common divisor of 3458 and 114.
38
What is the highest common divisor of 299 and 46?
23
Calculate the highest common divisor of 117 and 975.
39
Calculate the highest common divisor of 721 and 309.
103
What is the greatest common divisor of 26 and 1703?
13
Calculate the greatest common divisor of 49 and 49.
49
What is the greatest common divisor of 342 and 76?
38
Calculate the greatest common factor of 10 and 650.
10
What is the greatest common factor of 52420 and 20?
20
Calculate the greatest common factor of 480 and 465.
15
What is the highest common factor of 612 and 60?
12
What is the highest common factor of 72 and 1044?
36
Calculate the greatest common factor of 16 and 6928.
16
Calculate the greatest common factor of 6342 and 28.
14
Calculate the highest common divisor of 460 and 2116.
92
What is the greatest common divisor of 9 and 1899?
9
What is the highest common divisor of 276 and 60?
12
What is the highest common divisor of 368 and 4?
4
What is the greatest common factor of 6 and 3618?
6
Calculate the greatest common factor of 3 and 15.
3
Calculate the highest common factor of 4 and 75.
1
Calculate the greatest common factor of 6636 and 6.
6
What is the greatest common divisor of 376 and 141?
47
What is the greatest common divisor of 403 and 13?
13
Calculate the highest common factor of 98 and 154.
14
What is the highest common factor of 678 and 6?
6
What is the greatest common factor of 260 and 80?
20
What is the greatest common divisor of 24 and 2328?
24
Calculate the greatest common factor of 22 and 88.
22
What is the greatest common factor of 24 and 1608?
24
What is the greatest common divisor of 2403 and 89?
89
What is the highest common factor of 3 and 96?
3
Calculate the greatest common divisor of 91 and 117.
13
What is the greatest common factor of 304 and 2299?
19
Calculate the greatest common factor of 75 and 1455.
15
Calculate the highest common factor of 185 and 5.
5
Calculate the highest common divisor of 676 and 13.
13
What is the greatest common divisor of 4980 and 60?
60
What is the highest common divisor of 180 and 306?
18
Calculate the greatest common divisor of 8 and 1048.
8
Calculate the highest common factor of 4275 and 19.
19
What is the highest common factor of 28 and 15316?
28
Calculate the highest common factor of 55 and 66.
11
What is the greatest common divisor of 126 and 161?
7
Calculate the highest common divisor of 156 and 7696.
52
Calculate the highest common divisor of 48 and 100.
4
Calculate the highest common divisor of 50 and 430.
10
Calculate the highest common divisor of 13329 and 9.
9
What is the greatest common divisor of 33 and 2607?
33
Calculate the greatest common factor of 170 and 50.
10
What is the greatest common factor of 21 and 47544?
21
Calculate the highest common factor of 93 and 2759.
31
What is the highest common divisor of 76 and 25?
1
What is the highest common divisor of 408 and 744?
24
Calculate the highest common divisor of 91 and 63.
7
What is the highest common factor of 168 and 448?
56
What is the greatest common divisor of 4 and 124?
4
What is the greatest common factor of 63687 and 39?
39
What is the greatest common divisor of 217 and 749?
7
Calculate the greatest common factor of 894 and 6.
6
Calculate the greatest common divisor of 345 and 828.
69
What is the greatest common factor of 690 and 78?
6
What is the highest common divisor of 60 and 90?
30
What is the greatest common divisor of 1550 and 50?
50
Calculate the highest common factor of 1519 and 588.
49
Calculate the greatest common factor of 87 and 493.
29
What is the highest common divisor of 185 and 5?
5
Calculate the greatest common factor of 39237 and 902.
451
What is the greatest common factor of 9604 and 28?
28
Calculate the greatest common divisor of 91 and 26.
13
Calculate the highest common divisor of 357 and 2184.
21
Calculate the greatest common divisor of 5475 and 375.
75
What is the highest common divisor of 952 and 2312?
136
Calculate the greatest common divisor of 15 and 130.
5
What is the highest common divisor of 192 and 8280?
24
What is the highest common factor of 531 and 1829?
59
Calculate the highest common divisor of 747 and 9.
9
What is the highest common factor of 1424 and 88?
8
Calculate the greatest common factor of 222 and 48.
6
Calculate the greatest common divisor of 15 and 27.
3
What is the highest common divisor of 14 and 3262?
14
What is the highest common divisor of 21 and 4683?
21
What is the greatest common factor of 208 and 26?
26
What is the greatest common divisor of 28488 and 16?
8
Calculate the greatest common divisor of 160 and 50.
10
What is the highest common divisor of 90 and 234?
18
Calculate the highest common divisor of 3737 and 101.
101
Calculate the highest common divisor of 9 and 375.
3
What is the highest common factor of 779 and 38?
19
Calculate the greatest common divisor of 1771 and 161.
161
Calculate the greatest common divisor of 19288 and 8.
8
Calculate the greatest common divisor of 99 and 99.
99
Calculate the highest common factor of 135 and 81.
27
What is the greatest common divisor of 30 and 1370?
10
What is the greatest common factor of 119 and 17?
17
What is the highest common divisor of 4 and 124?
4
What is the greatest common factor of 6523 and 88?
11
Calculate the greatest common factor of 666 and 2442.
222
What is the highest common factor of 688 and 43?
43
What is the greatest common divisor of 84 and 4764?
12
Calculate the highest common factor of 24 and 8.
8
Calculate the highest common factor of 909 and 3.
3
What is the highest common divisor of 3528 and 72?
72
What is the greatest common factor of 75 and 2175?
75
Calculate the greatest common divisor of 44 and 209.
11
Calculate the greatest common divisor of 156 and 702.
78
What is the greatest common divisor of 110 and 242?
22
What is the greatest common factor of 208 and 3984?
16
Calculate the greatest common factor of 42 and 1722.
42
What is the highest common divisor of 72 and 900?
36
What is the highest common factor of 544 and 3400?
136
What is the highest common factor of 407 and 33?
11
What is the highest common factor of 4941 and 244?
61
Calculate the highest common factor of 246 and 656.
82
Calculate the greatest common factor of 88 and 22.
22
What is the highest common divisor of 18 and 45?
9
What is the highest common divisor of 632 and 1343?
79
What is the greatest common factor of 1734 and 612?
102
What is the greatest common divisor of 3048 and 216?
24
What is the highest common factor of 372 and 6?
6
What is the highest common factor of 7 and 560?
7
What is the greatest common divisor of 2 and 29?
1
Calculate the greatest common divisor of 7 and 7231.
7
What is the greatest common divisor of 119 and 136?
17
Calculate the greatest common factor of 75 and 15.
15
Calculate the highest common factor of 115 and 368.
23
Calculate the highest common factor of 352 and 110.
22
Calculate the greatest common factor of 232 and 40.
8
Calculate the highest common factor of 8 and 88.
8
What is the greatest common factor of 2040 and 10?
10
Calculate the greatest common divisor of 24180 and 155.
155
What is the greatest common factor of 5885 and 55?
55
What is the highest common factor of 2071 and 57?
19
Calculate the highest common divisor of 135 and 81.
27
What is the highest common divisor of 1575 and 1400?
175
Calculate the highest common factor of 5678 and 136.
34
Calculate the greatest common divisor of 216 and 36.
36
What is the greatest common factor of 958 and 2?
2
What is the greatest common factor of 1336 and 835?
167
Calculate the highest common divisor of 10 and 2765.
5
What is 